18 = 5*g - 4*r, -3*g = -7*g - 5*r + 2. Let b(k) = -k**2 - 4*k - 3. Let t be b(g). Let f(q) = 1 - 3*q**2 + 5*q**2 - 2 + q. Give f(t).
2
Let j be 1 + -1*2 - -57. Let k be (-6)/(-15) - j/(-10). Suppose y - k*y + 15 = 0. Let f(d) = -2*d - 1. Calculate f(y).
-7
Let q(b) = b - 1. Suppose -2 + 4 = 2*m. Determine q(m).
0
Let i(w) be the third derivative of w**6/120 + w**5/12 + w**4/12 + 5*w**3/6 - 7*w**2. Determine i(-5).
-5
Let t(m) = 3*m + 3. Let r be t(3). Suppose d = -3*d + r. Let f(a) = -2*a**2 + 3*a + 1. What is f(d)?
-8
Let w(g) = 0*g**2 + 0*g**3 - 7*g + 8*g + 1 + 2*g**2 + g**3. Calculate w(-1).
1
Let o(d) be the first derivative of d**4/4 + 4*d**3/3 - 7*d**2/2 - 5*d + 10. Let h be 3/(2 - (-18)/(-10)). Suppose -2*i - i - h = 0. What is o(i)?
5
Let b(k) = 4*k + 1. Let u = -2 + 7. Suppose u*h + 0*h = -5. Give b(h).
-3
Let f(n) = 7*n**2 - 5*n - 9. Let u(z) = -11*z**2 + 8*z + 14. Let i(r) = 8*f(r) + 5*u(r). Let j be i(-2). Let c(x) = -x**3 + x**2 + 4*x - 3. What is c(j)?
1
Let z = 16 + -14. Let h(l) = 3*l**3 - 3*l**2 + l - 1. What is h(z)?
13
Let w(x) be the second derivative of x**7/840 - x**6/72 - x**5/24 + x**3/6 + 2*x. Let f(j) be the second derivative of w(j). What is f(6)?
6
Suppose -3*u = -2*u - 7. Let f(t) = -u*t - 4*t + 1 + t. Calculate f(1).
-9
Suppose -2*g = 1 + 11. Let w(q) = q**3 + 6*q**2 - 7. What is w(g)?
-7
Let i(z) be the third derivative of z**6/120 + z**5/12 + z**4/6 - z**3/2 - 3*z**2. Suppose -n + 0 = 4. Determine i(n).
-3
Let f be (1/1)/((-2)/12). Let i(k) = -k - 1. Give i(f).
5
Let j(h) = h + 4. Suppose 3*l + l - 3*f = 22, 5*l - 5*f - 25 = 0. Let k = 1 - l. Give j(k).
-2
Let m(r) be the third derivative of 0*r**3 + 0*r**4 - 1/40*r**6 + 0*r + 0 - 3*r**2 - 1/60*r**5. Determine m(1).
-4
Let w(y) = -5*y - 4. Let a(c) = 2*c - 1. Let m(h) = 8*h - 5. Let z(b) = 9*a(b) - 2*m(b). Let d(t) = -2*w(t) - 7*z(t). Give d(3).
-11
Let p(q) = q + 10. Let k = 118 + -118. Calculate p(k).
10
Let x(w) = w**2 + 3*w - 8. Let l be 4 + -4 - (5 - -1). Determine x(l).
10
Let p(r) = -r**3 - 2*r**2 + r - 4. Let w be p(-3). Suppose 12 = 5*f - y, -f = 5*y - 0*y - 18. Let c(s) = -3*s**2 + 7*s**w - 2*s + f*s. Calculate c(1).
5
Let h(z) = z - 4 + 10 - 1 + 0. What is h(-7)?
-2
Let g(v) = 5*v - 1. Let k(z) = 2*z**2 - 13*z. Suppose 3*n + 52 = -n. Let a(u) = u**2 - 6*u. Let j(f) = n*a(f) + 6*k(f). Let q(w) = -g(w) + j(w). Give q(-5).
1
Suppose y = 2*u - 10, 2*u + 3*u - 3*y - 27 = 0. Let i(v) = 1 - u + 7*v + 1. Suppose 4*s - 4*m + 21 = 9, -4*m + 3 = 5*s. Give i(s).
-8
Suppose -6 = -7*l + 4*l. Let k(b) = 4 - 5 - 2*b**2 + 4*b**2 + 3*b - l*b. Determine k(1).
2
Let o(y) = -y**2 - y - 2. Let v be o(0). Let c = -8 + 11. Let i(a) = 3 - 2 + c*a - 39*a**2 + 42*a**2. What is i(v)?
7
Let n(u) be the first derivative of 3*u**2/2 - 9*u - 49. Calculate n(6).
9
Let h(b) = -b**2 - 6*b - 1. Suppose 7*j + 30 = 2*j. Let t be h(j). Let i(a) = 5*a**2 + 3*a. Let d(o) = 2*o**2 + o. Let y(w) = 7*d(w) - 3*i(w). Determine y(t).
1
Let f(y) = -y - 1. Let j be f(-3). Let i(q) = -2*q + 2. What is i(j)?
-2
Let f(a) = -a**3 - 3*a**2 + 2. Let o = -8 + 6. Determine f(o).
-2
Let r(f) = 4*f - 19. Let s be r(6). Let u(o) = o**3 - 4*o**2 - 5*o + 7. Calculate u(s).
7
Let a = -21 + 15. Let h = 9 + a. Let f(b) = -2*b - b + 1 + 2. What is f(h)?
-6
Suppose -3*p + 0 = -4*k - 3, 0 = 5*k + 3*p - 3. Let h = 0 + k. Let c(w) = w**2 + w - 3. Calculate c(h).
-3
Let j(l) = 4*l**3 + 6*l**2 + 15*l - 9. Let r(a) = a**3 + a - 1. Let n(w) = -j(w) + 5*r(w). Calculate n(7).
-17
Suppose -4*f - 6 - 18 = 0. Let o = 10 + f. Let y(x) = x**2 - 3*x - 4. Give y(o).
0
Suppose 1 = -5*g - 14. Let p(c) = -2*c + 5 - 2*c**2 + 5*c**2 + 5*c + 2*c. Let u(o) = 16*o**2 + 25*o + 26. Let b(j) = 11*p(j) - 2*u(j). What is b(g)?
-3
Let s(c) = -2*c**3 + 5*c**2 - 2*c + 4. Let a(d) = -d**3 - d + 1. Let m(z) = -3*a(z) + s(z). Let l be 3 - 1 - (-2)/(-1). Suppose l*j = -4*j - 20. What is m(j)?
-4
Let d(m) = -113 + m - 106 + 223. Give d(-9).
-5
Suppose -i = -3*n + 8*n - 7, -i - 5 = -n. Let p be (4/(-1))/(-2 - -1). Let q(f) = -3*f + 5*f**2 + f + f**3 + p*f - 4. Give q(i).
8
Let q(t) be the third derivative of t**6/120 + t**4/12 - 6*t**2. What is q(-2)?
-12
Let g(p) = -2*p**3 + 3*p**2 - 2*p + 3. Let y be (-5)/1 + 4/(-4). Let s = y - -11. Suppose 2*m = -1 + s. Determine g(m).
-5
Let i(h) = -h**2 - 1. Suppose 0 = -7*y + 2*y + 35. Let b(z) be the second derivative of z**5/20 - z**4/2 - z**3 - 7*z**2/2 + z. Let r be b(y). Calculate i(r).
-1
Let f(p) = p**3 - 4*p**2 + 3*p + 2. Let j be 14/4 - (-4)/24*-3. Calculate f(j).
2
Let k(p) = -p**2 - 4*p + 1. Suppose 0 = 6*j - j + 25, -5*t - 5*j = 45. Give k(t).
1
Let w(a) = a**3 - 5*a**2 + 5*a - 1. Let q(p) = -2*p - 8. Let x be q(-6). Give w(x).
3
Let a(l) = 4*l**2. Suppose 0*c = c - 2. Suppose 46 = 2*j + c*x, 2*j - 32 - 10 = -4*x. Suppose n + 4*n - j = 5*m, -2*m - 2*n = -6. Determine a(m).
4
Let a(q) be the first derivative of 7*q**4/4 - 2*q**3/3 + q**2 - q - 18. Suppose -2*d = -4*d + 2. What is a(d)?
6
Let a(b) = -b**2 - b + 1. Let d(l) = l - 1. Let t be d(4). Suppose -t*f = -f - 4. Determine a(f).
-5
Let u(b) be the second derivative of -b**3/6 - 2*b**2 + b. Determine u(-6).
2
Suppose 4*w - 6*w + 2 = 0. Suppose k + 0 = 2. Let j(c) = c**k + c**2 - c**2 - 2*c**3 + c - 1. Give j(w).
-1
Let z(m) = -m + 2. Suppose -76 - 29 = -5*t. Let l(j) = -j - 2. Let i be l(-3). Suppose 0 = -3*r - 4*h + i, -5*r + h - 2*h = t. Determine z(r).
7
Let k(s) = -s**2 + 3*s - 1. Suppose 2*i + 4*x = 7*i - 150, -i + 3*x + 41 = 0. Suppose -3 = -2*f + 3. Suppose 4*o = 3*c - 29, o = 2*c - f*o - i. Calculate k(c).
-1
Let r(u) be the third derivative of u**5/60 - u**4/3 + 7*u**3/6 - 11*u**2. Let l = -9 + 15. Calculate r(l).
-5
Let x(i) = 2*i - 6*i + 0*i. Suppose -3*a - 3 = -6. Calculate x(a).
-4
Let j = 9 - 6. Let d(n) = 5*n**2 - 1 + n**j + n - 5 - 3*n. Give d(-5).
4
Let j(z) = 11*z - 1. Let q(w) = 32*w - 3. Let f(p) = -8*j(p) + 3*q(p). Suppose 4*h + 0*h = -d - 9, 0 = d - h - 1. Determine f(d).
-9
Let j be 1/1*(-5 + 6). Let r(v) = -4*v. Give r(j).
-4
Let b(z) = z**2 + 5*z - 2. Let y be b(-4). Let m(x) be the third derivative of -x**5/60 - 5*x**4/24 + 4*x**3/3 - 2*x**2. What is m(y)?
2
Let i(d) = d**3 + 3*d**2 - 2*d + 4. Suppose -3*u + 13 = 4*w, 3*u + 2*w = 5 + 6. Suppose q = u*q + 8. Give i(q).
-4
Let h(f) = 3*f**2 + 2*f - 8. Let x(m) = 10*m**2 + 5*m - 25. Let b(n) = -7*h(n) + 2*x(n). What is b(-5)?
1
Let z(k) = 7*k**3 - 8*k**2 + 2*k - 15. Let g(b) = -15*b**3 + 16*b**2 - 3*b + 31. Let f(s) = -6*g(s) - 13*z(s). What is f(7)?
2
Let b(q) = -q**3 + q + 6. Suppose 10 = -4*i - 5*t, -i - 5*t - 10 = -4*i. Give b(i).
6
Let r(w) = 2*w + 0*w - w. Determine r(5).
5
Let d be (-3)/((-3)/(-2)) + 6. Let c(p) = 5 + 2 - d + 5*p + 4 - p**2. Calculate c(5).
7
Suppose -42 = 4*a - 14. Let f(i) = i**3 + 6*i**2 - 9*i + 1. Calculate f(a).
15
Suppose 54 = -5*z - 46. Let c be 2/6 - z/3. Let j = 6 - c. Let u(n) = -5*n**2 + n. Give u(j).
-6
Let a be (12/(-9))/(4/(-6)). Suppose -15 = 4*o + 3*f - 44, -a*o = 2*f - 12. Suppose -4*n - o = 13. Let l(t) = -t**3 - 7*t**2 - 8*t - 4. Calculate l(n).
8
Suppose -2*b + 6 = -3*b. Let g(u) = u + 8. What is g(b)?
2
Let w(r) = r**3 + 8*r**2 + 9*r + 8. Let z be w(-7). Let i(j) = 3*j + 3. Let m be i(z). Let d be 9/m + (-13)/(-5). Let g(q) = -q**3 + 3*q - 1. What is g(d)?
-3
Let w(n) = n**3 - n**2 - n + 1. Let x(v) = -7*v**3 + 6*v**2 + 4*v - 5. Let q(r) = 5*w(r) + x(r). Let h(c) = -c**2 - 5*c + 1. Let d be h(-5). What is q(d)?
-2
Let p(u) be the third derivative of u**4/24 - 5*u**3/6 - 33*u**2. Calculate p(5).
0
Suppose 2*v - 12 = -2*v. Let o(l) = 4*l - 2 - 3*l - v*l. Determine o(-2).
2
Let v(z) = -z**2 - 7*z + 6. Let k = 153 - 159. Determine v(k).
12
Suppose 0 = 5*g - 4 + 19. Let j(m) = m**2 - 3*m - 2. Suppose 3 - 15 = 3*v. Let u(h) = -h - 1. Let t(x) = v*u(x) + j(x). What is t(g)?
8
Let j = -18 + 20. Let z(p) = 3*p - 3. What is z(j)?
3
Let k(i) be the third derivative of -i**7/2520 - i**5/12 - 5*i**4/12 + 7*i**2. Let u(r) be the second derivative of k(r). Determine u(0).
-10
Let n(w) = w**2 - 3*w - 7. Suppose -5*o = 4*u - 8*u - 1, 22 = -2*o - 4*u. Let y be o/3 - (-2 + 0). Let z be -1 - y - (-2 - 5). Determine n(z).
3
Let d be (10/4)/((-3)/6). Let b(z) = z**3 + 6*z**2 + 2*z - 4. Give b(d).
11
Let z(q) = q**2 + 7*q + 8. Let d = 79 + -85. What 